 ((-3)/5)/((-4)/20). Suppose x*z - 84 = -z. Let l(h) = -86*h - 2. Let i be l(-1). What is the highest common divisor of i and z?
21
Let f be ((-15)/(-6))/(1*(-1)/(-32)). Let j(o) = o + 2. Let h be j(6). Calculate the highest common factor of f and h.
8
Let n be (-1)/((-164)/(-900) - 4/18). Calculate the highest common factor of 75 and n.
25
Let c(x) = -x**3 - x - 7. Suppose 0 = 5*j - 5*i + 20, -2*i = -5*j - 4*i - 6. Let r be c(j). What is the highest common divisor of r and 3?
3
Suppose 17 = 6*x - 7. Let q be -1*x + (-66)/(-3). Suppose v - 55 = -p - 12, -4*p + v = -182. Calculate the greatest common factor of q and p.
9
Let c = -50 + 33. Let w = -13 - c. Suppose 5*l - 3*l - 88 = 0. What is the highest common factor of l and w?
4
Let m be 48*(-24)/(-112) + 2/(-7). Let x = 17 - 2. Suppose 100 = -m*w + x*w. What is the greatest common factor of w and 60?
20
Suppose q = 3*p + 799, -2*q + 229 = -p - 1369. What is the greatest common divisor of 47 and q?
47
Let q(x) = -x**3 + 18*x**2 + 20*x - 15. Let g = -94 + 113. Let w be q(g). Calculate the greatest common factor of w and 16.
4
Suppose -3*f = -0*f + 2*a - 2, -a = f. Let d be (6 - f) + (-4 - -10). What is the greatest common divisor of 40 and d?
10
Let f(l) = l**2 + 11*l + 10. Let i be f(-10). Suppose i*b + 2 = -b. Let j(r) = 4*r**2 + 3*r + 2. Let p be j(b). Calculate the highest common factor of p and 3.
3
Suppose 0 = v - 5*b - 27, 8*v - 6*v - 30 = 2*b. Suppose 5*l = -5*g + 1420, -4*g + 11 = 3. Suppose 3*u - l = -v. What is the greatest common factor of 18 and u?
18
Let l be (0 - -1) + (14 - 13). Suppose w = -0*s + 4*s + 14, -4*w + 74 = l*s. Calculate the greatest common factor of 162 and w.
18
Suppose 1450*f = 1422*f + 56. Let p be ((-1)/(-2))/(1/10). Calculate the highest common factor of p and f.
1
Let m(s) = s**2 + 3*s + 9. Let h = -64 + 60. Let o be m(h). Calculate the highest common factor of 26 and o.
13
Let j(r) = -6*r + 3. Let a(w) = -w - 10. Let i be (-16)/(-6)*9/(-4). Let g be a(i). Let k be j(g). Calculate the greatest common factor of 27 and k.
27
Let v = 28 + -25. Let g be 53 + 0 + (v - (-1)/(-1)). What is the greatest common divisor of 11 and g?
11
Let o = -17 + 23. Let m be (-18)/(o*4/(-544)). Suppose 0 = -4*s - 2*f + 822, 2*s + 0*f - m = -2*f. What is the greatest common divisor of s and 23?
23
Suppose r - 2*b - 101 = 0, 2*b + 4 = b. Let g be 3298/26 - (-4)/26. Let s = g + -65. What is the greatest common divisor of r and s?
31
Let b(h) = 172*h + 100. Let f be b(3). Calculate the greatest common factor of f and 33.
11
Let t be (6*-1)/(2/(-18)). Let u be (-42)/35 + (-51)/(-8 + (1 - -2)). Calculate the highest common factor of u and t.
9
Let o be 59/3 + 4/3 + 3. What is the greatest common divisor of o and 36?
12
Let h be (1 - 11)*(-2 - 7/(-7)). Let i = 64 - h. What is the greatest common divisor of i and 36?
18
Let p = 44 + 30. What is the highest common divisor of p and 296?
74
Let j = 137 - 88. Calculate the greatest common factor of 7 and j.
7
Suppose -10*p + 300 = -7*p. Let h = 79 + -54. Calculate the highest common factor of p and h.
25
Suppose 2*o = 5*d - 226, -12*d + 14*d = -5*o + 73. What is the highest common divisor of 242 and d?
22
Let y = -11 - -17. Let b be 7/21 + (-24)/(-9). Calculate the highest common factor of y and b.
3
Let a = 113 + -54. What is the greatest common divisor of 1416 and a?
59
Let x(i) = i**2 - 6*i - 1. Let y be x(7). Let h be 17*(y + (-5 - -2)). Let w be (4/(-6))/(2/(-51)). What is the highest common factor of w and h?
17
Let j(o) = -14*o - 20. Let z be j(-4). What is the greatest common divisor of z and 27?
9
Let j = -13 + 34. Suppose 0 = -3*p + 273 + j. What is the greatest common factor of 14 and p?
14
Suppose 10 = -9*p + 1. Let i be p/((-1)/(116/4)). Let y(l) = 8*l**2 - 10*l - 3. Let b be y(7). Calculate the highest common divisor of i and b.
29
Let r be (-12)/(-9)*47*(-3)/(-2). Let d = -66 + r. What is the greatest common divisor of d and 7?
7
Let y(k) = 14*k - 17. Let b(f) = -f. Let v be b(-7). Let o be y(v). What is the highest common factor of o and 54?
27
Let u = -747 - -885. What is the greatest common factor of u and 2553?
69
Suppose -6*p + 5*x = -2*p + 2, -3*x = -3*p. Suppose -4 + p = -2*n. Calculate the highest common factor of n and 5.
1
Suppose 20*w + l = 22*w - 5, -4*w - 2*l + 22 = 0. Calculate the greatest common divisor of 1 and w.
1
Let w = -694 - -719. What is the greatest common factor of w and 25?
25
Suppose 4*u - 1016 = -5*w, 15*w - 10*w = 3*u - 797. Calculate the greatest common factor of 56 and u.
7
Suppose 101*t + 10647 = 114*t. Calculate the highest common divisor of 7 and t.
7
Let w be 4/10 + (-2)/5. Suppose 280 = -w*a + 5*a. Let c = -4 - -11. What is the highest common divisor of a and c?
7
Suppose 53*l - 208 = 27*l. Calculate the greatest common factor of 18 and l.
2
Let u be 3/(-30) - (-273)/30. What is the greatest common factor of u and 207?
9
Let t be (-4)/(2 - 4) - 13. Let u(x) = -2*x - x + x**2 + 2 + 4*x + 8*x. Let j be u(t). Calculate the greatest common factor of 6 and j.
6
Let z = 10 + -10. Suppose 5*a - 2*x - 81 = -z*x, 54 = 3*a - 3*x. Suppose 5*g + a = 0, 3*g = 5*j - 2*g - 60. Calculate the greatest common divisor of 9 and j.
9
Let h be ((-6)/(-9))/((-4)/(-30)). Let k be 4/(h - (3 + 0)). Calculate the highest common divisor of 8 and k.
2
Suppose -4216 = -88*w + 26*w. Calculate the highest common divisor of 748 and w.
68
Let a = 5949 - 5909. Let m(z) = -3*z**3 + z**3 + z**3 + z. Let y be m(-4). What is the highest common divisor of a and y?
20
Let h be ((-5135)/(-6))/5 + (-7)/42. Calculate the greatest common divisor of h and 36.
9
Let q(z) = -9*z - 3. Let f be q(-2). Calculate the highest common factor of 145 and f.
5
Let r be (-52)/(-3) + 6/9. Let k = r - 9. What is the greatest common divisor of 6 and k?
3
Let k = 401 + -121. Suppose k = 3*h + 52. What is the greatest common factor of h and 19?
19
Let a = 950 + -678. Let v = 4 + 13. Calculate the highest common factor of v and a.
17
Suppose 131*u - 152 = 127*u. What is the highest common divisor of u and 133?
19
Let y be 2 + 0 + 6/(-1). Let i = 54 + y. Let k(v) = 3*v**2 + 15*v + 2. Let u be k(-6). What is the greatest common factor of i and u?
10
Let z be (14/8)/((-7)/(-28)). Calculate the highest common divisor of z and 21.
7
Let p be (18/8)/(11/(88/3)). What is the highest common divisor of 12 and p?
6
Let w(z) = -2 - 9 + 13*z - 7 + z**2 + 4. Let l be w(-12). Let v = -2 - l. Calculate the greatest common factor of v and 6.
6
Suppose 17 + 613 = 35*u. What is the highest common factor of 42 and u?
6
Suppose -2*z + 7*z = 15. Suppose 3*u = q + 9, 6 = -4*u + 6*u + q. What is the greatest common divisor of z and u?
3
Suppose 4*r = -0*r + 3*c + 196, -r - 5*c = -49. Let j = -32 + r. Calculate the greatest common factor of 136 and j.
17
Let f(v) = 9*v**2 + 36*v - 173. Let a be f(4). Let x(m) = -46*m**3 + m**2 - 1. Let k be x(-1). What is the highest common factor of k and a?
23
Suppose -66 = -7*u + u. Suppose -2*z = -31 + 9. What is the highest common factor of u and z?
11
Let q be -28*1/(-2)*1. Let w = 96 + -82. What is the highest common factor of q and w?
14
Let n = -2 - -9. Let p(f) = f**2 + f - 11. Let y be p(3). Let k be -1*-35*y - 0. Calculate the highest common factor of k and n.
7
Let u = -104 - -150. Let n = u - 39. Suppose 2*v - 10 = 0, 3*a = 2*v + v + 69. What is the highest common factor of a and n?
7
Let w be 39/3*((-15)/(-5) - 2). What is the greatest common factor of w and 1053?
13
Let s(k) = k**3 + 7*k**2 - 11*k - 2. Let m be s(-8). Let q be (0 + -2)/(5/(-12 + 7)). What is the highest common factor of q and m?
2
Suppose 2*z = 3*b + 5*z - 717, 0 = 4*b + 2*z - 948. Calculate the highest common divisor of b and 5.
5
Let b = 13 - 13. Let y = b - 45. Let s be (32/20)/((-6)/y). What is the greatest common divisor of 24 and s?
12
Suppose 0 = -2*d + 4*z + 44, -2*d = 4*z - 5*z - 38. Let n = 496 + -74. Suppose 5*y = 208 + n. Calculate the highest common divisor of y and d.
18
Suppose 194 = -5*k + 29. Let x = 6 - k. Calculate the greatest common divisor of x and 13.
13
Suppose 5*w = 2*t + 2420, -3*w + 1473 = 2*t + t. Let l be w/4 + 2/(-4). Let c = 740 - 729. What is the greatest common divisor of l and c?
11
Let n = 1 + 11. Let p(k) be the first deriv